
False
Is 936240 a multiple of 12?
True
Is 154 a factor of 95942?
True
Does 37 divide 466348?
True
Does 3 divide 112288?
False
Is 1401465 a multiple of 372?
False
Does 12 divide 67248?
True
Is 340119 a multiple of 17?
True
Does 3 divide 73393?
False
Is 45276 a multiple of 22?
True
Is 11 a factor of 3824336?
False
Is 104714 a multiple of 109?
False
Does 46 divide 74980?
True
Is 1090543 a multiple of 19?
True
Is 64736 a multiple of 238?
True
Is 197240 a multiple of 40?
True
Is 7004601 a multiple of 139?
False
Does 24 divide 11341897?
False
Does 14 divide 1317078?
True
Is 14 a factor of 640402?
True
Is 8 a factor of 15165?
False
Is 2159085 a multiple of 5?
True
Does 1670 divide 9402100?
True
Does 7 divide 766723?
False
Does 102 divide 1951464?
True
Is 13331038 a multiple of 14?
True
Is 15 a factor of 600330?
True
Is 25815 a multiple of 6?
False
Does 236 divide 1948245?
False
Does 173 divide 9580725?
False
Is 25 a factor of 36214?
False
Is 52452 a multiple of 186?
True
Does 75 divide 3747448?
False
Does 10 divide 920090?
True
Does 39 divide 9161100?
True
Is 10 a factor of 6273320?
True
Is 523058 a multiple of 10?
False
Does 151 divide 503736?
True
Is 27819 a multiple of 99?
True
Does 120 divide 82680?
True
Does 10 divide 245010?
True
Does 4 divide 57556?
True
Is 145 a factor of 2539240?
True
Is 826 a factor of 871554?
False
Is 328 a factor of 230435?
False
Is 3269665 a multiple of 25?
False
Is 48980 even?
True
Is 596 a factor of 3874596?
True
Is 1008909 a multiple of 33?
True
Does 7 divide 66752?
True
Is 9 a factor of 108432?
True
Is 70290 a multiple of 2?
True
Is 2417313 a multiple of 34?
False
Does 9 divide 789795?
True
Is 55 a factor of 131670?
True
Does 11 divide 824316?
False
Is 14 a factor of 2225244?
True
Is 510 a factor of 227970?
True
Is 8 a factor of 49468?
False
Does 89 divide 241125?
False
Is 6431260 a multiple of 651?
False
Is 21 a factor of 1549296?
True
Does 5 divide 75897?
False
Is 20798748 a multiple of 54?
True
Does 2 divide 464219?
False
Is 125025 a multiple of 23?
False
Does 53 divide 13621?
True
Is 599731 a multiple of 78?
False
Is 67442 a multiple of 358?
False
Is 13 a factor of 1839422?
True
Is 94 a factor of 70585?
False
Is 1073 a factor of 11012199?
True
Is 865195 a multiple of 45?
False
Is 918533 a multiple of 7?
True
Does 711 divide 5356173?
False
Does 35 divide 22155?
True
Is 12 a factor of 84015?
False
Is 57 a factor of 146219?
False
Does 9 divide 535204?
False
Is 2406118 a multiple of 13?
True
Is 78 a factor of 1065714?
True
Is 25308 a multiple of 3?
True
Does 170 divide 613737?
False
Does 81 divide 2173959?
True
Is 699180 a multiple of 129?
True
Is 7119 a multiple of 2?
False
Is 84480 a multiple of 16?
True
Is 559370 a multiple of 150?
False
Is 23 a factor of 69252?
False
Is 157 a factor of 438793?
False
Is 87720 a multiple of 258?
True
Does 13 divide 511264?
True
Does 71 divide 110579?
False
Does 332 divide 390456?
False
Is 3679875 a multiple of 45?
True
Does 8 divide 35103072?
True
Is 6692 a multiple of 2?
True
Is 5095619 a multiple of 841?
True
Does 180 divide 6254738?
False
Is 1086624 a multiple of 21?
True
Is 112731 a multiple of 159?
True
Is 711418 a multiple of 16?
False
Is 420918 a multiple of 186?
True
Is 192584 a multiple of 4?
True
Is 3543696 a multiple of 12?
True
Does 61 divide 465983?
False
Is 70 a factor of 6332620?
True
Is 278350 a multiple of 59?
False
Is 65308 a multiple of 29?
True
Is 23593892 a multiple of 388?
True
Is 19 a factor of 2968389?
True
Is 684369 a multiple of 567?
True
Does 22 divide 699365?
False
Is 69 a factor of 23943?
True
Is 186942 a multiple of 22?
False
Is 74 a factor of 4415132?
False
Is 18160352 a multiple of 72?
False
Is 570 a factor of 2527380?
True
Is 1789923 a multiple of 183?
True
Does 19 divide 549334?
False
Is 24 a factor of 27696768?
True
Does 3 divide 12226?
False
Is 8 a factor of 9368?
True
Does 286 divide 8356062?
True
Is 234 a factor of 1901877?
False
Is 171540 a multiple of 5?
True
Is 4 a factor of 360769?
False
Is 85694 a multiple of 14?
True
Is 1542625 a multiple of 12?
False
Does 133 divide 755174?
True
Is 61 a factor of 45750?
True
Is 12 a factor of 440685?
False
Is 9797756 a multiple of 668?
False
Does 7 divide 743393?
True
Is 89 a factor of 27215043?
True
Is 67 a factor of 1130555?
False
Does 434 divide 4379494?
True
Is 3751300 a multiple of 100?
True
Does 28 divide 2231040?
True
Is 22342242 a multiple of 2677?
True
Is 14841 a multiple of 2?
False
Does 96 divide 1008480?
True
Is 1829921 a multiple of 419?
False
Is 54 a factor of 231524?
False
Does 75 divide 2261775?
True
Does 6 divide 5334?
True
Is 12 a factor of 11628?
True
Is 4 a factor of 48353?
False
Is 1996800 a multiple of 960?
True
Does 70 divide 19740?
True
Is 4186026 a multiple of 295?
False
Is 62 a factor of 2990592?
False
Is 87972 a multiple of 3?
True
Is 35 a factor of 2680755?
True
Does 91 divide 2368258?
False
Does 15 divide 1643822?
False
Does 42 divide 5327112?
True
Is 171574 a multiple of 93?
False
Does 5 divide 45184?
False
Does 307 divide 143062?
True
Is 30600 a multiple of 204?
True
Does 110 divide 1827?
False
Is 611596 a multiple of 135?
False
Is 1035003 a multiple of 129?
False
Is 22 a factor of 1280040?
False
Is 1140 a factor of 5114040?
True
Does 407 divide 266992?
True
Does 23 divide 330241?
False
Is 18520 a multiple of 10?
True
Is 15554 a multiple of 14?
True
Is 1227538 a multiple of 188?
False
Is 2 a factor of 21499?
False
Is 416456 a multiple of 14?
False
Is 36 a factor of 1563537?
False
Is 658953 a multiple of 12?
False
Does 43 divide 3002843?
False
Is 192576 a multiple of 59?
True
Is 460 a factor of 2731940?
True
Is 11728 a multiple of 3?
False
Is 530 a factor of 2394148?
False
Does 23 divide 726524?
True
Does 193 divide 1295603?
False
Is 296 a factor of 148592?
True
Does 84 divide 20826208?
False
Does 5 divide 16378?
False
Is 318976 a multiple of 128?
True
Is 79 a factor of 2590648?
False
Does 697 divide 1322689?
False
Does 70 divide 66010?
True
Is 284715 a multiple of 855?
True
Does 6 divide 63618?
True
Does 6 divide 717912?
True
Is 727749 a multiple of 99?
True
Is 197900 a multiple of 100?
True
Does 86 divide 265310?
True
Does 593 divide 222375?
True
Does 5 divide 18063?
False
Does 13 divide 2207214?
False
Does 183 divide 179524?
False
Does 15 divide 29168?
False
Does 211 divide 1505063?
True
Is 227 a factor of 438337?
True
Does 17 divide 57705?
False
Is 5985 a multiple of 11?
False
Is 364228 a multiple of 37?
True
Is 63674 a multiple of 62?
True
Is 296 a factor of 297393?
False
Does 2 divide 197428?
True
Does 331 divide 7336852?
False
Is 22 a factor of 854414?
True
Is 2304818 a multiple of 199?
True
Is 296 a factor of 231097?
False
Does 16 divide 1745984?
True
Is 1983222 a multiple of 18?
True
Does 144 divide 713016?
False
Is 471 a factor of 7065?
True
Is 19 a factor of 18203089?
False
Does 22 divide 7053640?
True
Is 59160 a multiple of 21?
False
Is 4 a factor of 79884?
True
Does 19 divide 5179210?
True
Does 172 divide 66516?
False
Is 12206 a multiple of 56?
False
Is 280 a factor of 2311400?
True
Does 3 divide 119204?
False
Is 4897353 a multiple of 1034?
False
Is 428475 a multiple of 87?
True
Does 162 divide 3803922?
True
Is 5 a factor of 100250?
True
Is 628925 a multiple of 275?
True
Is 18 a factor of 176220?
True
Is 2947665 a multiple of 1274?
False
Is 83 a factor of 4543337?
True
Is 780 a factor of 244920?
True
Does 71 divide 7384?
True
Is 154 a factor of 961333?
False
Does 13 divide 300267?
False
Is 98595 a multiple of 210?
False
Does 36 divide 734471?
False
Is 17 a factor of 3353246?
False
Does 11 divide 93612?
False
Is 2590312 a multiple of 171?
False
Is 43 a factor of 2327375?
True
Is 566 a factor of 436290?
False
Is 18 a factor of 621468?
True
Is 13 a factor of 1177553?
True
Does 675 divide 23117400?
True
Is 2767856 a multiple of 56?
True
Is 3341544 a multiple of 222?
True
Is 91002 a multiple of 72?
False
Does 27 divide 185052?
False
Is 6 a factor of 2052?
True
Is 3 a factor of 579562?
False
Is 53 a factor of 211030?
False
Is 630467 a multiple of 525?
False
Is 959280 a multiple of 28?
True
Does 109 divide 157287?
True
Is 43836 a multiple of 12?
True
Is 13 a factor of 229318?
False
Is 8 a factor of 121927?
False
Is 15 a factor of 1858785?
True
Is 52608 a multiple